 922. Give i(16).
-6
Let x(q) = 2*q + 7. Determine x(-6).
-5
Let p(u) = u**3 - 47*u**2 - 49*u + 32. Determine p(48).
-16
Let g(j) = -3*j. Calculate g(1).
-3
Let i(h) = -4*h - 10. Determine i(-10).
30
Let f(o) = -o**2 + 9*o - 16. Give f(7).
-2
Let w(f) = f**2 - 8*f - 2. What is w(6)?
-14
Let o(m) = 5*m**2 - m - 7. What is o(3)?
35
Let v(b) = b**3 - 28*b**2 - 24*b - 17. Determine v(29).
128
Let t(j) = -2*j - 19. Determine t(-7).
-5
Let w(t) = -t**3 - 4*t**2 + 5*t + 5. What is w(-5)?
5
Let j(q) = -8*q - 23. Give j(-2).
-7
Let l(q) = 11*q - 1. What is l(-3)?
-34
Let k(i) = 45*i**3 - 2*i**2 - 2*i - 1. Calculate k(-1).
-46
Let g(u) = 4*u + 21. Calculate g(-14).
-35
Let s(o) = o**3 - 10*o**2 + 17*o + 12. Give s(7).
-16
Let d(k) = -k**2 - 18*k + 21. Calculate d(-19).
2
Let n(u) = 2*u**2 - 2*u - 5. What is n(-2)?
7
Let u(x) = -3*x - 4. Calculate u(-11).
29
Let b(k) = 2*k**2 + 28*k + 51. Give b(-14).
51
Let j(l) = l - 13. Give j(-8).
-21
Let a(q) = 5*q**2 + 3*q + 3. Calculate a(-1).
5
Let b(s) = 2*s**3 + 5*s**2 + 15*s + 33. What is b(-3)?
-21
Let a(g) = g**3 + 4*g**2 - 6*g + 7. Determine a(-6).
-29
Let f(x) = x**3 - 2*x**2 - 19*x + 11. Give f(5).
-9
Let t(o) = 2*o**3 - 67*o**2 + 34*o - 35. What is t(33)?
-2
Let j(f) = -11*f + 58. Calculate j(7).
-19
Let c(q) = 33*q - 261. Determine c(8).
3
Let t(f) = -2*f - 43. Give t(-3).
-37
Let m(n) = -22*n + 364. Give m(18).
-32
Let c(k) = 11*k + 48. What is c(-6)?
-18
Let h(c) = 3*c + 11. Calculate h(-11).
-22
Let d(r) = 3*r**2 - 16*r - 2. Give d(5).
-7
Let d(r) = r**2 + 4*r - 1. Determine d(-6).
11
Let s(o) = o**2 - 41*o + 375. Give s(27).
-3
Let o(z) = -10*z + 3. Determine o(0).
3
Let v(t) = 9*t + 9. What is v(-2)?
-9
Let r(m) = -20*m + 153. Determine r(8).
-7
Let q(p) = p - 9. Determine q(10).
1
Let m(l) = l**3 + 5*l**2 + 13*l + 17. Give m(-3).
-4
Let w(y) = -13*y**2 + 9*y + 1. Give w(3).
-89
Let w(c) = -c**2 + 11. Calculate w(0).
11
Let p(n) = 9*n - 96. Determine p(12).
12
Let r(x) = x**3 - 29*x**2 - 33*x + 105. Give r(30).
15
Let f(b) = b**3 + 5*b**2 + 5*b - 3. What is f(-4)?
-7
Let k(a) = -a**2 - 13*a - 3. Determine k(-13).
-3
Let i(l) = 5*l - 24. Calculate i(5).
1
Let h(w) = -4*w + 22. Determine h(5).
2
Let j(o) = 17*o + 20. Determine j(-2).
-14
Let q(i) = -8*i**2 - i - 1. What is q(-1)?
-8
Let a(s) = s**2 - 22*s + 126. Determine a(16).
30
Let i(r) = 2*r - 12. Calculate i(5).
-2
Let k(z) = -z**3 + z**2 - z - 7. Calculate k(-2).
7
Let t(b) = -b**3 + 2*b - 4. Give t(4).
-60
Let j(v) = -3*v + 90. What is j(24)?
18
Let k(g) = -4*g + 7. What is k(3)?
-5
Let w(n) = n + 9. Calculate w(-7).
2
Let u(d) = d**2 - 14*d + 8. Determine u(13).
-5
Let u(a) = -a - 7. Determine u(-2).
-5
Let x(g) = -g - 17. What is x(12)?
-29
Let u(z) = 4*z + 20. Determine u(-1).
16
Let d(z) = -z**2 - 17*z + 6. Determine d(-8).
78
Let k(n) = -n**3 - 10*n**2 - 8*n + 13. What is k(-9)?
4
Let d(z) = 2*z**3 + 3*z**2 + 6*z + 11. Give d(-2).
-5
Let n(x) = -7*x - 52. Determine n(-10).
18
Let k(d) = -d**3 + 20*d**2 - 14*d + 9. Determine k(19).
104
Let a(f) = 3*f + 58. Give a(-18).
4
Let u(s) = -2*s**3 - 2*s**2 - 3*s - 3. Determine u(-2).
11
Let u(w) = -w + 7. Determine u(9).
-2
Let p(i) = -10*i**3 + i**2 + i + 1. What is p(-1)?
11
Let t(v) = -8*v - 45. Determine t(-5).
-5
Let p(h) = 2*h + 44. Calculate p(17).
78
Let w(x) = -16*x - 2. What is w(2)?
-34
Let d(b) = -b**3 + 8*b**2 - 3*b + 10. Determine d(7).
38
Let o(q) = -q**2 - 18*q + 13. Calculate o(-17).
30
Let i(x) = -23*x. Give i(1).
-23
Let p(l) = -l**3 - 7*l**2 - 3*l - 23. Calculate p(-7).
-2
Let s(a) = -a**3 - 11*a**2 + 13*a + 15. Give s(-12).
3
Let g(b) = -b**2 + 5*b + 13. Give g(-3).
-11
Let v(j) = j**3 - 11*j**2 + 9*j + 8. Calculate v(10).
-2
Let p(w) = -22*w + 194. What is p(9)?
-4
Let s(p) = 34*p + 1. Calculate s(-4).
-135
Let l(b) = -b**3 - 6*b**2 + 13*b - 26. Calculate l(-8).
-2
Let v(k) = -k**3 + 15*k**2 - 19*k + 77. What is v(14)?
7
Let q(n) = n**3 - 18*n**2 + 35*n - 51. Determine q(16).
-3
Let a(m) = -2*m**2 + 19*m + 6. Calculate a(10).
-4
Let n(z) = z**3 + 4*z**2 - z - 3. Calculate n(-3).
9
Let h(m) = 3*m**2 - 10*m + 1. Determine h(3).
-2
Let r(o) = o**3 + 9*o**2 - 12*o - 12. What is r(-8)?
148
Let b(c) = 25*c + 141. What is b(-7)?
-34
Let i(b) = b + 4. Give i(3).
7
Let h(n) = 2*n - 31. Calculate h(13).
-5
Let b(t) = t**3 - 5*t**2 - 7*t + 13. Calculate b(6).
7
Let t(n) = -2*n**2 + 6*n - 6. What is t(4)?
-14
Let k(j) = j - 4. Determine k(0).
-4
Let r(b) = -b**2 + 10*b + 33. Determine r(12).
9
Let p(l) = l - 5. What is p(-7)?
-12
Let m(p) = p**2 + 7*p - 4. Give m(-8).
4
Let h(o) = 10*o - 9. Calculate h(2).
11
Let q(m) = m**3 - 3*m**2 + 3*m + 1. Give q(4).
29
Let p(g) = -g**3 + g**2 + g + 1. Determine p(0).
1
Let o(r) = 4*r - 26. What is o(11)?
18
Let n(j) = j**2 - 17*j - 172. Give n(-7).
-4
Let r(b) = -97*b + 183. Give r(2).
-11
Let c(b) = b**2 + 35*b - 157. Determine c(-39).
-1
Let w(s) = s**3 - 11. Calculate w(0).
-11
Let d(p) = -p**2 - 3*p - 7. Calculate d(-8).
-47
Let q(p) = 3*p - 1. Give q(4).
11
Let t(j) = j**2 - 7*j - 7. What is t(6)?
-13
Let u(z) = z**2 - 18*z + 5. Give u(15).
-40
Let v(g) = -6*g + 42. Calculate v(17).
-60
Let a(h) = -15*h**2 - 2*h + 1. Give a(2).
-63
Let p(b) = 6*b**2 + 6*b - 28. Calculate p(4).
92
Let p(s) = -5*s - 18. What is p(-6)?
12
Let f(g) = -6*g - 100. Determine f(-16).
-4
Let b(u) = 2*u - 26. What is b(-6)?
-38
Let n(s) = -s**3 - 7*s**2 + 12*s + 4. Determine n(-8).
-28
Let k(o) = 4*o**2 + 24*o + 2. Give k(-6).
2
Let r(c) = c**3 - 5*c**2 + 6*c + 2. Give r(4).
10
Let r(c) = 10*c**2 + 2*c + 1. Calculate r(-2).
37
Let u(d) = -d**3 - 6*d**2 - 7*d - 5. Determine u(-4).
-9
Let r(d) = d**3 + 13*d**2 - d - 11. Give r(-13).
2
Let c(i) = -11*i + 116. What is c(11)?
-5
Let p(k) = -k**3 + 5*k**2 - 6*k + 18. Determine p(4).
10
Let a(h) = -2*h**3 - 91*h**2 - 43*h + 76. Give a(-45).
-14
Let u(o) = -o**2 - 4*o + 14. What is u(-5)?
9
Let w(z) = z**2 - 4*z - 7. Calculate w(5).
-2
Let j(s) = 2*s**3 + 19*s**2 + 17*s + 77. What is j(-9)?
5
Let i(o) = o**3 + 9*o**2 - 23*o - 5. Determine i(-11).
6
Let p(b) = -b + 10. Calculate p(17).
-7
Let x(c) = c**2 - c - 5. What is x(0)?
-5
Let v(t) = -t**3 + 5*t**2 + 69*t + 9. What is v(-6)?
-9
Let t(l) = l**3 + l**2 + 2*l + 3. Give t(4).
91
Let k(x) = -42*x - 14. Give k(-2).
70
Let t(o) = -3*o + 4. Give t(8).
-20
Let o(q) = q**2 + 4*q - 5. Determine o(-7).
16
Let h(c) = 2*c**3 + 18*c**2 - 16*c + 14. Determine h(-10).
-26
Let r(n) = -20*n - 152. Give r(-7).
-12
Let o(k) = k**2 + 12*k - 4. Calculate o(-11).
-15
Let z(w) = -w**2 + 32*w - 138. Give z(5).
-3
Let a(r) = r**3 - 8*r**2 - 31*r + 266. Give a(7).
0
Let j(c) = c**3 - 21*c**2 + 23*c - 23. Determine j(20).
37
Let a(x) = -11*x + 13. Calculate a(4).
-31
Let b(r) = 20*r - 447. What is b(24)?
33
Let v(k) = -5*k - 3. Calculate v(-3).
12
Let g(b) = b**3 + 6*b**2 + 14*b - 2. Determine g(-3).
-17
Let q(y) = -y**3 + 2*y**2 + 13*y - 15. Calculate q(5).
-25
Let i(f) = f - 12. Determine i(20).
8
Let z(k) = k**2 - 15*k + 21. What is z(14)?
7
Let p(t) = t**3 + 13*t**2 - 17*t - 14. Give p(-14).
28
Let s(h) = 2*h**2 + 33*h + 112. Determine s(-9).
-23
Let d(v) = 14*v. Determine d(-1).
-14
Let o(y) = 2*y - 23. Calculate o(5).
-13
Let j(i) = 9*i**3 - 4*i**2 + 4*i - 5. Determine j(2).
59
Let q(x) = x**3 + 4*x**2 - 10*x + 1. Give q(4).
89
Let y(t) = -t - 7. What is y(-7)?
0
Let o(r) = 2*r. Determine o(8).
16
Let d(q) = -q**3 - 9*q**2 + 9*q - 9. Determine d(-10).
1
Let h(i) = -i**3 - 4*i**2 - 3*i - 11. Calculate h(-6).
79
Let z(j) = j**3 + 12*j**2 + 6*j + 39. Calculate z(-12).
-33
Let y(u) = -u**3 - 13*u**2 - 12*u - 4. Calculate y(-12).
-4
Let w(a) = -a**2 + 6*a - 3. Determine w(4).
5
Let j(a) = a**3 - a**2 + 4*a - 38. What is j(0)?
-38
Let c(u) = 3*u**2 - 10*u + 1. What is c(4)?
9
Let o(p) = p**3 - 17*p**2 - 22*p - 15. Determine o(18).
-87
Let f(q) = q**2 + q - 8. Give f(4).
12
Let q(f) = f**2 - 15*f - 28. What is q(17)?
6
Let w(z) = -z**3 - 7*z**2 - 7*z - 7. Calculate w(-3).
-22
Let q(c) = -9*c - 22. What is q(-6)?
32
Let h(l) = -15*l**2 - 3*l - 2. Calculate h(-1).
-14
Let y(n) = 16*n**2 + 2*n - 1. Give y(1).
17
Let r(c) = -c**3 + 3*c**2 + 2*c + 4. Determine r(0).
4
Let q(r) = r + 21. Calculate q(19).
40
Let r(g) = 10*g - 31. Give r(2).
-11
Let t(n) = -9*n**2 + 8. What is t(-3)?
-73
Let o(r) = 2*r*